[INFO] cloning repository https://github.com/garasubo/wio-wifi
[INFO] running `Command { std: "git" "-c" "credential.helper=" "-c" "credential.helper=/workspace/cargo-home/bin/git-credential-null" "clone" "--bare" "https://github.com/garasubo/wio-wifi" "/workspace/cache/git-repos/https%3A%2F%2Fgithub.com%2Fgarasubo%2Fwio-wifi", kill_on_drop: false }`
[INFO] [stderr] Cloning into bare repository '/workspace/cache/git-repos/https%3A%2F%2Fgithub.com%2Fgarasubo%2Fwio-wifi'...
[INFO] running `Command { std: "git" "rev-parse" "HEAD", kill_on_drop: false }`
[INFO] [stdout] 1fe551c92c83f80a232c624eb0deddb9c2fe15ab
[INFO] building garasubo/wio-wifi against master#ff34b919075f35a1787659e9c448a34b06bab8de for issue-85264
[INFO] running `Command { std: "git" "clone" "/workspace/cache/git-repos/https%3A%2F%2Fgithub.com%2Fgarasubo%2Fwio-wifi" "/workspace/builds/worker-3/source", kill_on_drop: false }`
[INFO] [stderr] Cloning into '/workspace/builds/worker-3/source'...
[INFO] [stderr] done.
[INFO] validating manifest of git repo https://github.com/garasubo/wio-wifi on toolchain ff34b919075f35a1787659e9c448a34b06bab8de
[INFO] running `Command { std: "/workspace/cargo-home/bin/cargo" "+ff34b919075f35a1787659e9c448a34b06bab8de" "metadata" "--manifest-path" "Cargo.toml" "--no-deps", kill_on_drop: false }`
[INFO] removed /workspace/builds/worker-3/source/.cargo/config
[INFO] started tweaking git repo https://github.com/garasubo/wio-wifi
[INFO] finished tweaking git repo https://github.com/garasubo/wio-wifi
[INFO] tweaked toml for git repo https://github.com/garasubo/wio-wifi written to /workspace/builds/worker-3/source/Cargo.toml
[INFO] crate git repo https://github.com/garasubo/wio-wifi already has a lockfile, it will not be regenerated
[INFO] running `Command { std: "/workspace/cargo-home/bin/cargo" "+ff34b919075f35a1787659e9c448a34b06bab8de" "fetch" "--manifest-path" "Cargo.toml", kill_on_drop: false }`
[INFO] [stderr]     Blocking waiting for file lock on package cache
[INFO] [stderr]     Blocking waiting for file lock on package cache
[INFO] running `Command { std: "docker" "create" "-v" "/var/lib/crater-agent-workspace/builds/worker-3/target:/opt/rustwide/target:rw,Z" "-v" "/var/lib/crater-agent-workspace/builds/worker-3/source:/opt/rustwide/workdir:ro,Z" "-v" "/var/lib/crater-agent-workspace/cargo-home:/opt/rustwide/cargo-home:ro,Z" "-v" "/var/lib/crater-agent-workspace/rustup-home:/opt/rustwide/rustup-home:ro,Z" "-e" "SOURCE_DIR=/opt/rustwide/workdir" "-e" "CARGO_TARGET_DIR=/opt/rustwide/target" "-e" "CARGO_HOME=/opt/rustwide/cargo-home" "-e" "RUSTUP_HOME=/opt/rustwide/rustup-home" "-w" "/opt/rustwide/workdir" "-m" "1610612736" "--user" "0:0" "--network" "none" "ghcr.io/rust-lang/crates-build-env/linux@sha256:20528e8c29e4536546f0102ce88568b16ea7538393a33fcca951030f7af10457" "/opt/rustwide/cargo-home/bin/cargo" "+ff34b919075f35a1787659e9c448a34b06bab8de" "metadata" "--no-deps" "--format-version=1", kill_on_drop: false }`
[INFO] [stdout] fd82e2d83fe39d3a79f79a4bd681ca908350414248094074cc60a3b1a10a5470
[INFO] [stderr] WARNING: Your kernel does not support swap limit capabilities or the cgroup is not mounted. Memory limited without swap.
[INFO] running `Command { std: "docker" "start" "-a" "fd82e2d83fe39d3a79f79a4bd681ca908350414248094074cc60a3b1a10a5470", kill_on_drop: false }`
[INFO] running `Command { std: "docker" "inspect" "fd82e2d83fe39d3a79f79a4bd681ca908350414248094074cc60a3b1a10a5470", kill_on_drop: false }`
[INFO] running `Command { std: "docker" "rm" "-f" "fd82e2d83fe39d3a79f79a4bd681ca908350414248094074cc60a3b1a10a5470", kill_on_drop: false }`
[INFO] [stdout] fd82e2d83fe39d3a79f79a4bd681ca908350414248094074cc60a3b1a10a5470
[INFO] running `Command { std: "docker" "create" "-v" "/var/lib/crater-agent-workspace/builds/worker-3/target:/opt/rustwide/target:rw,Z" "-v" "/var/lib/crater-agent-workspace/builds/worker-3/source:/opt/rustwide/workdir:ro,Z" "-v" "/var/lib/crater-agent-workspace/cargo-home:/opt/rustwide/cargo-home:ro,Z" "-v" "/var/lib/crater-agent-workspace/rustup-home:/opt/rustwide/rustup-home:ro,Z" "-e" "SOURCE_DIR=/opt/rustwide/workdir" "-e" "CARGO_TARGET_DIR=/opt/rustwide/target" "-e" "CARGO_INCREMENTAL=0" "-e" "RUST_BACKTRACE=full" "-e" "RUSTFLAGS=--cap-lints=forbid" "-e" "CARGO_HOME=/opt/rustwide/cargo-home" "-e" "RUSTUP_HOME=/opt/rustwide/rustup-home" "-w" "/opt/rustwide/workdir" "-m" "1610612736" "--user" "0:0" "--network" "none" "ghcr.io/rust-lang/crates-build-env/linux@sha256:20528e8c29e4536546f0102ce88568b16ea7538393a33fcca951030f7af10457" "/opt/rustwide/cargo-home/bin/cargo" "+ff34b919075f35a1787659e9c448a34b06bab8de" "build" "--frozen" "--message-format=json", kill_on_drop: false }`
[INFO] [stdout] 96972cca10ee473c15ca24542a9d7cafd587bd001db9d6d45f4a354e21f20904
[INFO] [stderr] WARNING: Your kernel does not support swap limit capabilities or the cgroup is not mounted. Memory limited without swap.
[INFO] running `Command { std: "docker" "start" "-a" "96972cca10ee473c15ca24542a9d7cafd587bd001db9d6d45f4a354e21f20904", kill_on_drop: false }`
[INFO] [stderr]     Blocking waiting for file lock on package cache
[INFO] [stderr]    Compiling typenum v1.13.0
[INFO] [stderr]    Compiling version_check v0.9.3
[INFO] [stderr]    Compiling nb v1.0.0
[INFO] [stderr]    Compiling unicode-xid v0.2.2
[INFO] [stderr]    Compiling syn v1.0.72
[INFO] [stderr]    Compiling byteorder v1.4.3
[INFO] [stderr]    Compiling stable_deref_trait v1.2.0
[INFO] [stderr]    Compiling cortex-m v0.7.2
[INFO] [stderr]    Compiling bitfield v0.13.2
[INFO] [stderr]    Compiling vcell v0.1.3
[INFO] [stderr]    Compiling cortex-m v0.6.7
[INFO] [stderr]    Compiling memchr v2.4.0
[INFO] [stderr]    Compiling cortex-m-rt v0.6.13
[INFO] [stderr]    Compiling atsamd51p v0.9.0
[INFO] [stderr]    Compiling heapless v0.5.6
[INFO] [stderr]    Compiling r0 v0.2.2
[INFO] [stderr]    Compiling log v0.4.14
[INFO] [stderr]    Compiling lis3dh v0.3.0
[INFO] [stderr]    Compiling display-interface v0.4.0
[INFO] [stderr]    Compiling usb-device v0.2.8
[INFO] [stderr]    Compiling byte-slice-cast v0.3.5
[INFO] [stderr]    Compiling rand_core v0.5.1
[INFO] [stderr]    Compiling wio_terminal v0.3.0
[INFO] [stderr]    Compiling no-std-net v0.5.0
[INFO] [stderr]    Compiling managed v0.7.2
[INFO] [stderr]    Compiling panic-halt v0.2.0
[INFO] [stderr]    Compiling bare-metal v0.2.5
[INFO] [stderr]    Compiling proc-macro2 v1.0.26
[INFO] [stderr]    Compiling nb v0.1.3
[INFO] [stderr]    Compiling volatile-register v0.2.0
[INFO] [stderr]    Compiling embedded-hal v0.2.5
[INFO] [stderr]    Compiling hash32 v0.1.1
[INFO] [stderr]    Compiling embedded-graphics v0.6.2
[INFO] [stderr]    Compiling smoltcp v0.7.1
[INFO] [stderr]    Compiling usbd-serial v0.1.1
[INFO] [stderr]    Compiling display-interface-spi v0.4.0
[INFO] [stderr]    Compiling generic-array v0.14.4
[INFO] [stderr]    Compiling nom v6.1.2
[INFO] [stderr]    Compiling quote v1.0.9
[INFO] [stderr]    Compiling embedded-sdmmc v0.3.0
[INFO] [stderr]    Compiling ili9341 v0.4.1
[INFO] [stderr]    Compiling generic-array v0.13.3
[INFO] [stderr]    Compiling generic-array v0.12.4
[INFO] [stderr]    Compiling bbqueue v0.4.12
[INFO] [stderr]    Compiling as-slice v0.1.5
[INFO] [stderr]    Compiling micromath v1.1.1
[INFO] [stderr]    Compiling accelerometer v0.12.0
[INFO] [stderr]    Compiling aligned v0.3.4
[INFO] [stderr]    Compiling seeed-erpc v0.1.1
[INFO] [stderr]    Compiling cortex-m-rt-macros v0.1.8
[INFO] [stderr]    Compiling num_enum_derive v0.5.1
[INFO] [stderr]    Compiling derivative v2.2.0
[INFO] [stderr]    Compiling num_enum v0.5.1
[INFO] [stderr]    Compiling atsamd-hal v0.12.0
[INFO] [stderr]    Compiling wio-wifi v0.1.0 (/opt/rustwide/workdir)
[INFO] [stdout] error[E0433]: failed to resolve: use of undeclared crate or module `heapless`
[INFO] [stdout]   --> src/main.rs:23:5
[INFO] [stdout]    |
[INFO] [stdout] 23 | use heapless::{consts::U256, String};
[INFO] [stdout]    |     ^^^^^^^^ use of undeclared crate or module `heapless`
[INFO] [stdout] 
[INFO] [stdout] 
[INFO] [stdout] error[E0432]: unresolved import `heapless`
[INFO] [stdout]   --> src/main.rs:23:5
[INFO] [stdout]    |
[INFO] [stdout] 23 | use heapless::{consts::U256, String};
[INFO] [stdout]    |     ^^^^^^^^ use of undeclared crate or module `heapless`
[INFO] [stdout] 
[INFO] [stdout] 
[INFO] [stdout] error[E0412]: cannot find type `U256` in this scope
[INFO] [stdout]   --> src/main.rs:53:35
[INFO] [stdout]    |
[INFO] [stdout] 53 |     let mut textbuffer = String::<U256>::new();
[INFO] [stdout]    |                                   ^^^^ not found in this scope
[INFO] [stdout] 
[INFO] [stdout] 
[INFO] [stdout] error: language item required, but not found: `eh_personality`
[INFO] [stdout] 
[INFO] [stdout] 
[INFO] [stdout] warning: unused import: `core::fmt::Write`
[INFO] [stdout]   --> src/main.rs:17:5
[INFO] [stdout]    |
[INFO] [stdout] 17 | use core::fmt::Write;
[INFO] [stdout]    |     ^^^^^^^^^^^^^^^^
[INFO] [stdout]    |
[INFO] [stdout]    = note: `#[warn(unused_imports)]` on by default
[INFO] [stdout] 
[INFO] [stdout] 
[INFO] [stdout] error: aborting due to 4 previous errors; 1 warning emitted
[INFO] [stdout] 
[INFO] [stdout] 
[INFO] [stdout] Some errors have detailed explanations: E0412, E0432, E0433.
[INFO] [stdout] 
[INFO] [stdout] For more information about an error, try `rustc --explain E0412`.
[INFO] [stdout] 
[INFO] [stderr] error: could not compile `wio-wifi`
[INFO] [stderr] 
[INFO] [stderr] To learn more, run the command again with --verbose.
[INFO] running `Command { std: "docker" "inspect" "96972cca10ee473c15ca24542a9d7cafd587bd001db9d6d45f4a354e21f20904", kill_on_drop: false }`
[INFO] running `Command { std: "docker" "rm" "-f" "96972cca10ee473c15ca24542a9d7cafd587bd001db9d6d45f4a354e21f20904", kill_on_drop: false }`
[INFO] [stdout] 96972cca10ee473c15ca24542a9d7cafd587bd001db9d6d45f4a354e21f20904
